{"id":14,"date":"2016-03-17T11:40:29","date_gmt":"2016-03-17T10:40:29","guid":{"rendered":"https:\/\/www.maizi.de\/blog\/?page_id=14"},"modified":"2025-02-11T20:43:59","modified_gmt":"2025-02-11T19:43:59","slug":"lektorin","status":"publish","type":"page","link":"https:\/\/www.maizi.de\/blog\/lektorin\/","title":{"rendered":"Schreib\/MedienCoach*"},"content":{"rendered":"\n<figure class=\"wp-block-image alignnone wp-image-113 size-medium\"><img loading=\"lazy\" decoding=\"async\" width=\"300\" height=\"225\" src=\"https:\/\/www.maizi.de\/blog\/wp-content\/uploads\/2016\/03\/DSC00012-300x225.jpg\" alt=\"DSC00012\" class=\"wp-image-113\" srcset=\"https:\/\/www.maizi.de\/blog\/wp-content\/uploads\/2016\/03\/DSC00012-300x225.jpg 300w, https:\/\/www.maizi.de\/blog\/wp-content\/uploads\/2016\/03\/DSC00012.jpg 640w\" sizes=\"auto, (max-width: 300px) 85vw, 300px\" \/><figcaption class=\"wp-element-caption\">Riesenrad Z\u00fcrich | Foto: maizi-archiv<\/figcaption><\/figure>\n\n\n\n<p>Was f\u00fcr ein Text liegt da vor mir?<br>Was hat den Autor oder die Autorin bewogen, ihn zu schreiben?<br>Wo ist dieser Text stark, wo hat er seine Schw\u00e4chen?<br>Wo sucht er noch nach seiner Form, und welche Form k\u00f6nnte er annehmen?<br>Ist der Inhalt schl\u00fcssig?<br>Was f\u00fcr Stilmittel sind angelegt?<\/p>\n\n\n\n<p>Diese Fragen leiten mich bei meiner Arbeit, egal, ob es sich um ein H\u00f6rfunk-Manuskript oder ein Buchprojekt handelt. Ich unterst\u00fctze Schreibende bei der Entwicklung ihres Projekts, wenn sie in ihrem sch\u00f6pferischen Prozess auf einen unbefangenen Blick angewiesen sind.<\/p>\n\n\n\n<p><em>abgeschlossen:<br>Projekt <a href=\"https:\/\/www.seeheim-jugenheim.de\/leben-wohnen\/bildung-soziales\/erinnerungsarbeit\/stolpersteine\/\" data-type=\"link\" data-id=\"https:\/\/www.seeheim-jugenheim.de\/leben-wohnen\/bildung-soziales\/erinnerungsarbeit\/stolpersteine\/\" target=\"_blank\" rel=\"noreferrer noopener\">&#8222;Stolperstein-Patenschaften&#8220; <\/a>der Gemeinde Seeheim-Jugenheim<\/em><\/p>\n\n\n\n<p><em>in Arbeit:<br><\/em><em>&#8222;Heimat unter Menschen. Leben in Gemeinschaft&#8220; von Barbara St\u00fctzel<br><\/em><em>Autobiographischer Roman<br>Jan&#8217;25: Die erste Fassung liegt vor<br><\/em><\/p>\n\n\n\n<p>* Ich coache auf der Grundlage meiner Berufserfahrung im Umgang mit Texten und Manuskripten und meiner eigenen Coaching-Erfahrung. Ich verf\u00fcge nicht \u00fcber eine spezielle Coaching-Ausbildung.<\/p>\n","protected":false},"excerpt":{"rendered":"<p>Was f\u00fcr ein Text liegt da vor mir?Was hat den Autor oder die Autorin bewogen, ihn zu schreiben?Wo ist dieser Text stark, wo hat er seine Schw\u00e4chen?Wo sucht er noch nach seiner Form, und welche Form k\u00f6nnte er annehmen?Ist der Inhalt schl\u00fcssig?Was f\u00fcr Stilmittel sind angelegt? Diese Fragen leiten mich bei meiner Arbeit, egal, ob &hellip; <a href=\"https:\/\/www.maizi.de\/blog\/lektorin\/\" class=\"more-link\"><span class=\"screen-reader-text\">\u201eSchreib\/MedienCoach*\u201c <\/span>weiterlesen<\/a><\/p>\n","protected":false},"author":1,"featured_media":0,"parent":0,"menu_order":0,"comment_status":"closed","ping_status":"closed","template":"","meta":{"footnotes":""},"class_list":["post-14","page","type-page","status-publish","hentry"],"_links":{"self":[{"href":"https:\/\/www.maizi.de\/blog\/wp-json\/wp\/v2\/pages\/14","targetHints":{"allow":["GET"]}}],"collection":[{"href":"https:\/\/www.maizi.de\/blog\/wp-json\/wp\/v2\/pages"}],"about":[{"href":"https:\/\/www.maizi.de\/blog\/wp-json\/wp\/v2\/types\/page"}],"author":[{"embeddable":true,"href":"https:\/\/www.maizi.de\/blog\/wp-json\/wp\/v2\/users\/1"}],"replies":[{"embeddable":true,"href":"https:\/\/www.maizi.de\/blog\/wp-json\/wp\/v2\/comments?post=14"}],"version-history":[{"count":7,"href":"https:\/\/www.maizi.de\/blog\/wp-json\/wp\/v2\/pages\/14\/revisions"}],"predecessor-version":[{"id":529,"href":"https:\/\/www.maizi.de\/blog\/wp-json\/wp\/v2\/pages\/14\/revisions\/529"}],"wp:attachment":[{"href":"https:\/\/www.maizi.de\/blog\/wp-json\/wp\/v2\/media?parent=14"}],"curies":[{"name":"wp","href":"https:\/\/api.w.org\/{rel}","templated":true}]}}